 be s(-6). Suppose -5*v + 83 = -k. List the prime factors of v.
43
Let b(u) = 2*u**2 - 9*u + 4. Let g = -16 - -20. Let p be b(g). Suppose 2*m + 4*m - 186 = p. List the prime factors of m.
31
Let g(r) = 18*r**2 - 26*r - 294. What are the prime factors of g(-18)?
2, 3, 7, 11, 13
Let n be 3 - 0 - 0 - 0. Suppose 227 = n*g + 4*w, 5*g + w - 397 = -w. List the prime factors of g.
3
Let t = 13 + -8. Let j be ((-9)/15)/(t/(-25)). Suppose 0 = 5*f - j*l - 13, -5*f + f + 4*l = -4. List the prime factors of f.
5
Suppose 0 = -9*c + 357 + 18714. What are the prime factors of c?
13, 163
Let x(t) = -146*t - 188. What are the prime factors of x(-11)?
2, 709
Let h be (174/8)/(5/260). What are the prime factors of 1/(-2) - h/(-6) - 1?
11, 17
Suppose 26 = -3*t + b, 5*t + 20 = -5*b + 2*b. Let s = t - -12. Suppose -2*u - 3*u = -15, -s*l = -5*u - 115. What are the prime factors of l?
2, 13
Let c(v) = v**2 + 4*v + 4. Let b be c(-3). Let k be (-3)/(-12)*(b - -3). What are the prime factors of (3 - 4)/(k/(-41))?
41
Suppose -9*s + 1534 + 7268 = 0. What are the prime factors of s?
2, 3, 163
Let r = -6 - -13. Suppose -5*u + 361 = 3*g, -2*g = -2*u + 161 - r. List the prime factors of u.
2, 37
Let i(o) = -6*o + 7 - 6 - 8. What are the prime factors of i(-11)?
59
Let h be 9/3 - (-2 + 3). Suppose 0*z + 8 = h*z. Suppose 0 = z*q - 55 - 165. What are the prime factors of q?
5, 11
Let n be 1*(2 - 1) + 105/35. Suppose 5*q = 3*q - 5*l + 129, n*q + 3*l - 279 = 0. List the prime factors of q.
2, 3
List the prime factors of (-6596)/(-10) - 42/(-105) - 4.
2, 41
Let h = 69 - 126. Let i = h + 84. List the prime factors of i.
3
Let q be (-4 - -4) + 1 - -3. What are the prime factors of (67 - -1) + (q - -4)/4?
2, 5, 7
Suppose -2*f + 4*s + 2 = 0, 5*f - 2*f - 4*s - 7 = 0. What are the prime factors of 6/75*5 + 1088/f?
2, 109
Suppose 3*f = -227 - 346. Let z = -95 - f. List the prime factors of z.
2, 3
Let w(s) = -s**2 + 1. Let q be w(-1). Suppose q = -3*o + 45 - 9. Suppose 3*l = -2*u + o, 5*u - l - 48 = -4*l. What are the prime factors of u?
2, 3
Let x = 11212 + -7961. What are the prime factors of x?
3251
Let g(b) = 26*b**2 + 2*b - 46. What are the prime factors of g(6)?
2, 11, 41
Let w = 14 - 12. Suppose 0 = -w*f - 4, 4*m + 606 = f. Let v = -101 - m. List the prime factors of v.
3, 17
Let y(a) = 33*a**2 - 3*a - 11. List the prime factors of y(3).
277
Suppose -4*g = -p + 211, -5*p + 672 = -2*g - 455. What are the prime factors of p?
227
Let m be -4 + -1 - (2 - -273). Suppose v = -0*v + 5. List the prime factors of 1 + -1 - m/v.
2, 7
Let d(v) = -2*v**3 + 31*v**2 + 18*v + 72. What are the prime factors of d(-11)?
6287
Let t(m) = m**3 + 13*m**2 - 15*m + 9. Let p be t(-14). Let x(b) = -p*b - b**2 - 5*b - 25 + 5*b. List the prime factors of x(-17).
7, 11
Let u(r) = 3*r + 3. Let p be u(0). What are the prime factors of 1 + 0 + (1 - p) + 16?
3, 5
Let d(s) = 13 + 3 + 8*s + 3*s. List the prime factors of d(14).
2, 5, 17
List the prime factors of (-1 - (-1860)/8)/(2/4).
463
Let k(u) = 3*u**2 - 5*u - 2. Let n be 23 + (0/(-4) - 4). Let o = -14 + n. What are the prime factors of k(o)?
2, 3
Let h(m) be the third derivative of -m**6/120 + m**5/12 + 7*m**4/24 + 5*m**2. What are the prime factors of h(6)?
2, 3
Suppose -c = -3*q - 611 - 142, -c + 5*q = -759. List the prime factors of c.
2, 3, 31
Let t(y) = 8*y - 32. Let s be t(14). Suppose -3*o + s + 133 = 5*k, -5*k - 15 = 0. List the prime factors of o.
2, 19
Let i = -14 - -8. Let f be (i/(-3))/((-6)/(-141)). Suppose f + 57 = 2*n. What are the prime factors of n?
2, 13
Suppose -4503 = -124*d + 121*d. List the prime factors of d.
19, 79
Suppose 2*h + 222 = 4*j, 5*h = -0*j - 2*j + 81. Suppose 23 = 2*v - j. What are the prime factors of v?
2, 19
Let s(c) = -c**3 - 10*c**2 + 4*c. Let g be s(-11). Let p be 1/(-3) - g/(-33). Suppose 0 = -3*d + p*d + 2. List the prime factors of d.
2
Let n = 21 - 5. Let c(h) = -h**2 + 17*h - 8. Let k be c(n). Suppose -s - k = -49. List the prime factors of s.
41
Suppose 62*i = 52*i + 3350. List the prime factors of i.
5, 67
What are the prime factors of 2/(100/30) - (-984)/10?
3, 11
Suppose 5 = c + 2. What are the prime factors of (652/6)/(c/9)?
2, 163
Let b(c) = -c**3 - c**2 - c + 1. Let z be b(-2). List the prime factors of (4 + 9)*z + 1.
2, 23
Let g(u) be the third derivative of 6*u**2 + 0 + 0*u - 7/24*u**4 - 1/2*u**3. What are the prime factors of g(-6)?
3, 13
Let b(p) = 3*p + 45. Let s be b(-13). Suppose 4*f + 35 = y, -s*y + y + 107 = -3*f. List the prime factors of y.
19
Let w = -6 + 13. Suppose w*j = 3*j - 4. List the prime factors of (3 - j)*(0 + 2).
2
Let t = 268 - -51. List the prime factors of t.
11, 29
Let y be 3/((-15)/(-10)*1). Suppose -5*f + 174 = -y*f. What are the prime factors of f?
2, 29
Suppose 3*l = -4*c - 0*l + 27, 3*c = -3*l + 21. Let g(p) = -p - 2. Let w be g(c). Let r = 16 - w. List the prime factors of r.
2, 3
Suppose 2*x = -2*r - 3*r + 134, -5*r = -3*x - 149. Let p = 78 - r. What are the prime factors of p?
2, 5
Let b = -137 - -741. What are the prime factors of b?
2, 151
Suppose 8 = -2*a + 2*v, 0*v - 36 = 2*a + 5*v. Let t be (-1)/(3/a)*3. Suppose -t = -2*l - 4*b, 3*l - 3 = -4*b + 15. List the prime factors of l.
2, 5
Let r = 8 - 6. Suppose -4*z = r*n + 658, -4*n = -5*z + 139 - 981. Let m = -115 - z. List the prime factors of m.
3, 17
Let x be 207/27 + 2/6. Suppose x*a - 30 = 2*a. Suppose 0 = 2*d + 5*j - 6*j - 56, 5*j = a*d - 145. List the prime factors of d.
3
Let c = -16 + 17. What are the prime factors of (c + 6)/((-48)/52 + 1)?
7, 13
Let k = -28 + 23. What are the prime factors of k/(25/10) + 47?
3, 5
Let x(f) = 64*f + 11. Let a(s) = 3*s**2 - 3*s + 3. Let b be a(1). What are the prime factors of x(b)?
7, 29
Suppose 8*s + 3*c - 1 = 4*s, 0 = -5*s + 5*c + 45. What are the prime factors of s/(-12) - 176/(-6)?
29
Let o = -3439 - -7268. What are the prime factors of o?
7, 547
Let h = 13 - 3. Let o = -290 + 308. Let l = o - h. List the prime factors of l.
2
Let q be (65/20 - 3)*(-8)/(-1). Suppose -19*a + 14*a = q*k - 597, -2*a = 2*k - 600. What are the prime factors of k?
7, 43
Suppose 5*i = -4*p + 1270, -4*i + 3*p + 432 + 584 = 0. What are the prime factors of i?
2, 127
Suppose 0 = -3*j - 9, -c + 3*j = -2*c + 2266. What are the prime factors of c?
5, 7, 13
Let m(y) = y**2 - 7*y - 10. Suppose -3*d = -9, 4*v - 2 = -d - 23. Let o be m(v). Suppose 3*a + 4*j = 91, -5*a = 4*j - 233 + o. List the prime factors of a.
37
Let c be 812 + -1 - (-2 - -5). What are the prime factors of c/20 - (-1 + 21/15)?
2, 5
Suppose -5*k - 27 = -3*w, -5*w - 5*k + 5 = -0*w. Suppose -2*s = 4*x - 2, -w*s + 3*s + 4 = -x. List the prime factors of s.
3
Let h = 0 + 6. Suppose -91 - 173 = -h*z. What are the prime factors of z?
2, 11
Let z = 69 + -11. List the prime factors of z.
2, 29
Let d = -161 - -225. Suppose -2*n + 3*n = -3*i, -16 = -i + 5*n. What are the prime factors of 1/(i + d/(-68))?
17
Suppose 11*w - 90 = 13*w. List the prime factors of -2*(w - (0 + 4)).
2, 7
Let g(y) = -y**3 - 3*y**2 - 8*y - 18. Let q be g(-9). Suppose -q = -2*s + u + 29, 0 = -2*s - 5*u + 551. What are the prime factors of s?
283
Suppose 0*u + 4*u = -u. Suppose 4*i - 4*w + 3*w - 21 = 0, -4*i + 2*w + 22 = 0. Suppose -i*c + u*c = -175. List the prime factors of c.
5, 7
Suppose 16*h + 4 = 18180. What are the prime factors of h?
2, 71
Let n = -47 - -229. Let c = n - -23. List the prime factors of c.
5, 41
Let d = 7730 + -3674. List the prime factors of d.
2, 3, 13
Suppose -v + 103 + 45 = -4*i, -5*v - 4*i + 716 = 0. Let y = v - 70. What are the prime factors of y?
2, 37
Let s(h) = -h**3 + 5*h**2 + 6*h + 6. Let g be s(5). List the prime factors of 1*48*g/27.
2
Suppose -5 = 2*k - 5*q, -k + 41 = -6*k + 3*q. List the prime factors of (-33)/(-1) + (k - -5 - -4).
2
Let g = 28 - 12. Suppose -4 = 4*m - 4*x + x, 0 = -4*x + g. Let h = 10 - m. List the prime factors of h.
2
Let i be (-2)/9 + (-624)/108. Let k be (-9)/i - 4/(-8). What are the prime factors of k - 1*(-2 - 15)?
19
Suppose 2*q + 8 = -0*d - 5*d, 2*q = d - 8. Suppose 6*t - 525 + 93 = d. What are the prime factors of t?
2, 3
Suppose 0 = -5*a - 4*l - 52, -a + 4*l + 44 = -5*a. Let z be 0/(-4) - -2 - -28. Let f = a + z. List the prime factors of f.
2, 11
Suppose 3*q + 4*b - 7 = 3, -4*b = -3*q + 26. Suppose q*y - 4*y =